.
53
What is the highest common divisor of 456 and 2622?
114
What is the greatest common divisor of 968 and 48?
8
What is the highest common divisor of 496 and 16?
16
What is the greatest common divisor of 768 and 48?
48
Calculate the highest common divisor of 6684 and 24.
12
Calculate the highest common divisor of 255 and 15.
15
Calculate the highest common divisor of 70 and 112.
14
What is the greatest common divisor of 66 and 242?
22
What is the greatest common divisor of 3087 and 9?
9
Calculate the highest common factor of 1742 and 268.
134
What is the greatest common divisor of 13 and 10673?
13
Calculate the highest common divisor of 51 and 471.
3
What is the greatest common factor of 103 and 1236?
103
Calculate the greatest common divisor of 6457 and 11.
11
Calculate the greatest common divisor of 260 and 286.
26
What is the highest common divisor of 5782 and 472?
118
Calculate the highest common divisor of 38205 and 27.
27
Calculate the highest common factor of 5736 and 24.
24
Calculate the greatest common factor of 5 and 12695.
5
Calculate the highest common factor of 2136 and 24.
24
Calculate the greatest common factor of 234 and 36.
18
What is the greatest common divisor of 111 and 481?
37
What is the greatest common divisor of 4624 and 576?
16
Calculate the highest common divisor of 6 and 6765.
3
What is the highest common divisor of 175 and 10?
5
Calculate the greatest common divisor of 247 and 299.
13
Calculate the highest common factor of 16 and 4.
4
What is the greatest common divisor of 42636 and 38?
38
Calculate the greatest common factor of 407 and 11.
11
Calculate the highest common factor of 224 and 2044.
28
What is the highest common divisor of 20 and 12?
4
Calculate the highest common factor of 72 and 1044.
36
Calculate the greatest common divisor of 40 and 380.
20
Calculate the highest common divisor of 44 and 484.
44
Calculate the greatest common factor of 231 and 28.
7
What is the greatest common divisor of 56 and 728?
56
What is the greatest common factor of 68 and 51?
17
Calculate the greatest common factor of 4656 and 48.
48
Calculate the highest common factor of 70 and 7490.
70
Calculate the greatest common factor of 2312 and 16.
8
What is the highest common divisor of 117 and 1313?
13
Calculate the highest common divisor of 1408 and 308.
44
What is the highest common factor of 270 and 144?
18
Calculate the highest common factor of 95 and 5.
5
What is the greatest common factor of 108 and 14?
2
What is the highest common divisor of 874 and 966?
46
What is the greatest common divisor of 96 and 192?
96
Calculate the greatest common divisor of 23 and 11615.
23
Calculate the greatest common factor of 80 and 68.
4
Calculate the highest common divisor of 76 and 57.
19
Calculate the greatest common divisor of 1008 and 1302.
42
Calculate the greatest common factor of 221 and 39.
13
Calculate the highest common divisor of 781 and 142.
71
What is the greatest common factor of 2408 and 4?
4
Calculate the greatest common factor of 96 and 512.
32
Calculate the highest common divisor of 329 and 203.
7
Calculate the highest common factor of 12676 and 4.
4
What is the highest common factor of 24 and 2364?
12
What is the highest common factor of 3 and 8?
1
Calculate the highest common divisor of 598 and 260.
26
Calculate the highest common factor of 2646 and 98.
98
Calculate the greatest common factor of 8 and 5016.
8
What is the greatest common factor of 135 and 1431?
27
What is the greatest common factor of 27 and 432?
27
Calculate the greatest common divisor of 330 and 1395.
15
What is the greatest common divisor of 245 and 1505?
35
Calculate the highest common divisor of 3 and 204.
3
Calculate the highest common divisor of 9 and 2061.
9
What is the greatest common factor of 132285 and 15?
15
Calculate the greatest common divisor of 84 and 60.
12
Calculate the highest common divisor of 36 and 228.
12
Calculate the greatest common divisor of 3388 and 726.
242
What is the highest common factor of 2432 and 76?
76
Calculate the greatest common divisor of 138 and 24.
6
Calculate the greatest common divisor of 20 and 320.
20
What is the highest common divisor of 540 and 15?
15
What is the greatest common factor of 20 and 3240?
20
Calculate the greatest common divisor of 1121 and 118.
59
Calculate the highest common divisor of 32 and 13472.
32
Calculate the greatest common divisor of 2961 and 63.
63
Calculate the highest common divisor of 37075 and 75.
25
What is the highest common factor of 6 and 268?
2
Calculate the greatest common divisor of 110 and 5.
5
Calculate the highest common factor of 240 and 15.
15
What is the highest common factor of 160 and 860?
20
What is the highest common divisor of 2691 and 23?
23
Calculate the highest common factor of 1385 and 5.
5
What is the greatest common factor of 546 and 56?
14
What is the greatest common divisor of 128 and 208?
16
Calculate the greatest common factor of 273 and 364.
91
Calculate the highest common factor of 18 and 882.
18
Calculate the highest common divisor of 4 and 68.
4
What is the highest common divisor of 220 and 132?
44
Calculate the highest common divisor of 420 and 21.
21
What is the greatest common factor of 27 and 261?
9
What is the highest common divisor of 1342 and 66?
22
Calculate the highest common divisor of 504 and 1296.
72
What is the highest common factor of 1419 and 66?
33
What is the greatest common divisor of 435 and 957?
87
What is the highest common factor of 13140 and 30?
30
Calculate the greatest common factor of 65 and 247.
13
Calculate the highest common divisor of 60 and 240.
60
What is the highest common divisor of 155 and 93?
31
Calculate the highest common factor of 5 and 2085.
5
Calculate the greatest common divisor of 774 and 1634.
86
Calculate the highest common factor of 8456 and 151.
151
What is the highest common divisor of 3 and 5043?
3
What is the greatest common divisor of 2204 and 116?
116
What is the highest common divisor of 3 and 348?
3
Calculate the greatest common factor of 510 and 408.
102
Calculate the greatest common divisor of 279 and 3042.
9
What is the highest common divisor of 385 and 55?
55
What is the highest common divisor of 493 and 2407?
29
What is the highest common divisor of 20 and 740?
20
Calculate the highest common divisor of 15 and 1920.
15
Calculate the greatest common divisor of 64 and 1472.
64
What is the greatest common divisor of 1891 and 31?
31
Calculate the highest common divisor of 414 and 1278.
18
Calculate the highest common divisor of 85 and 2125.
85
Calculate the greatest common divisor of 54 and 234.
18
What is the highest common divisor of 22035 and 339?
339
Calculate the greatest common factor of 53 and 1325.
53
What is the highest common divisor of 15614 and 74?
74
What is the highest common divisor of 377 and 13?
13
What is the highest common factor of 897 and 46?
23
What is the highest common factor of 1998 and 126?
18
What is the highest common factor of 588 and 576?
12
What is the highest common factor of 576 and 36?
36
Calculate the highest common factor of 1053 and 312.
39
Calculate the greatest common divisor of 5180 and 925.
185
What is the greatest common divisor of 115 and 322?
23
Calculate the greatest common factor of 148 and 4.
4
What is the greatest common factor of 98 and 1666?
98
What is the highest common factor of 68 and 68?
68
Calculate the highest common factor of 12 and 6.
6
Calculate the highest common factor of 6642 and 9.
9
Calculate the highest common factor of 100 and 740.
20
What is the greatest common divisor of 182 and 42?
14
Calculate the highest common divisor of 81 and 2025.
81
Calculate the greatest common factor of 7 and 3248.
7
Calculate the highest common divisor of 74 and 296.
74
What is the greatest common divisor of 81 and 10287?
81
What is the greatest common factor of 67 and 335?
67
Calculate the highest common factor of 56 and 63.
7
What is the greatest common divisor of 2471 and 7?
7
What is the greatest common divisor of 35 and 145?
5
Calculate the greatest common factor of 58 and 841.
29
Calculate the greatest common factor of 12851 and 71.
71
Calculate the highest common factor of 216 and 13932.
108
Calculate the greatest common factor of 5 and 35